
In base 7, what is 5026 + 5?
5034
In base 6, what is 412 - 5?
403
In base 3, what is -1202 - -1?
-1201
In base 4, what is 100020 - -11?
100031
In base 9, what is -4160 - -3?
-4156
In base 2, what is 1110100 + -1100?
1101000
In base 7, what is 5 - 10?
-2
In base 13, what is ab + 3?
b1
In base 6, what is 55 + 50?
145
In base 12, what is -604 - 22?
-626
In base 5, what is -4 - -20003?
14444
In base 8, what is 557 - 5?
552
In base 10, what is -16 - -5?
-11
In base 15, what is -4a - -4?
-46
In base 11, what is -3 + 214?
211
In base 16, what is 10d + -3?
10a
In base 7, what is 5 - -405?
413
In base 11, what is -7 - -88?
81
In base 4, what is 1030 - 230?
200
In base 2, what is -11100101001 - -1?
-11100101000
In base 3, what is 111 - -122?
1010
In base 3, what is -1001 - 20212?
-21220
In base 9, what is -327 + -21?
-348
In base 8, what is -342 + 5?
-335
In base 7, what is 461 - 1?
460
In base 12, what is -15 + -342?
-357
In base 6, what is 2 + 20443?
20445
In base 14, what is 344 + -13?
331
In base 8, what is 13 + 541?
554
In base 6, what is -3 + 22024?
22021
In base 14, what is 7 - -b?
14
In base 13, what is a36 + -2?
a34
In base 7, what is 1324 + 2?
1326
In base 10, what is 3 + -1147?
-1144
In base 3, what is 0 + -10012120?
-10012120
In base 14, what is 4 + 250?
254
In base 5, what is -22 - -112?
40
In base 2, what is 111110011 - 110?
111101101
In base 6, what is -334523 + 0?
-334523
In base 16, what is -2 - 7?
-9
In base 9, what is 327 + 0?
327
In base 2, what is 1110000101 + -100?
1110000001
In base 15, what is -2 + -3e?
-41
In base 4, what is -2003 - 1?
-2010
In base 11, what is -6 - -14?
9
In base 8, what is -37 - 565?
-624
In base 6, what is -2 - -14340?
14334
In base 14, what is -6 + -ca8?
-cb0
In base 3, what is 11 + -2021?
-2010
In base 5, what is 4401 - -42?
4443
In base 13, what is 31 - 3?
2b
In base 5, what is 2441 + 130?
3121
In base 11, what is 1 - -2?
3
In base 11, what is 2 + -a6?
-a4
In base 8, what is -1 - -545?
544
In base 2, what is -110101 - 1011?
-1000000
In base 5, what is -2334 + 3?
-2331
In base 16, what is -5b - -26?
-35
In base 6, what is 1201 + -15?
1142
In base 15, what is 1d0a + 4?
1d0e
In base 12, what is -1224 - 5?
-1229
In base 13, what is -13 - 1?
-14
In base 7, what is 22 - 62?
-40
In base 2, what is -1 + 1010101011?
1010101010
In base 13, what is 3 + -c99?
-c96
In base 6, what is -215 + -2?
-221
In base 5, what is -2 - 0?
-2
In base 10, what is 1694 - -1?
1695
In base 11, what is -50 - 50?
-a0
In base 2, what is -11 - 1101010011?
-1101010110
In base 13, what is 1 - b?
-a
In base 13, what is -112 + -1?
-113
In base 3, what is -2 + -12110?
-12112
In base 11, what is -276 - -9?
-268
In base 14, what is 18 - 3?
15
In base 11, what is 3 - 128?
-125
In base 16, what is 4 - 38?
-34
In base 5, what is -324 - 0?
-324
In base 7, what is -41 - 3?
-44
In base 14, what is -25b + 6?
-255
In base 12, what is 2 - -58?
5a
In base 9, what is 14 + -12?
2
In base 13, what is 4 - -94?
98
In base 10, what is 5 + -880?
-875
In base 7, what is 1602 + -10?
1562
In base 8, what is -2 - 45?
-47
In base 8, what is 5 - 2?
3
In base 12, what is -9 - 95?
-a2
In base 13, what is 67b + -3?
678
In base 5, what is 1 - -1242?
1243
In base 9, what is -701 + -2?
-703
In base 10, what is 3 - -202?
205
In base 14, what is d3 + 0?
d3
In base 3, what is -11 - 2?
-20
In base 7, what is 0 - -5524?
5524
In base 8, what is -542 - -55?
-465
In base 7, what is 464 + -3?
461
In base 10, what is -934 - -6?
-928
In base 4, what is 1 + -2223?
-2222
In base 12, what is -3 - -3?
0
In base 9, what is 4 + 123?
127
In base 13, what is -2 + -52?
-54
In base 10, what is 35 + 10?
45
In base 6, what is 5 - -2000?
2005
In base 3, what is 10221 + -11?
10210
In base 4, what is 10 + 1122?
1132
In base 15, what is 1d7 + 2?
1d9
In base 8, what is 15320 + 5?
15325
In base 16, what is 57 - -1?
58
In base 12, what is -4b - -2?
-49
In base 3, what is -1012021 + 2?
-1012012
In base 15, what is 0 - -925?
925
In base 4, what is -1 - 2301?
-2302
In base 12, what is -86 - 3?
-89
In base 6, what is -20133 + -5?
-20142
In base 7, what is 103 + 1?
104
In base 7, what is 0 - -25?
25
In base 13, what is 3a2 - -2?
3a4
In base 10, what is 2 + -150?
-148
In base 13, what is 17 - -5?
1c
In base 10, what is 0 - -321?
321
In base 6, what is 5 + -1245?
-1240
In base 12, what is -3 - -33a?
337
In base 10, what is -3 + 36?
33
In base 8, what is 3 + -1220?
-1215
In base 16, what is -3 + 26?
23
In base 3, what is 2 + -201?
-122
In base 11, what is 0 - -1565?
1565
In base 6, what is 111 - 1?
110
In base 12, what is 23 + 83?
a6
In base 13, what is 4 - 55?
-51
In base 9, what is 4 + 7?
12
In base 5, what is 123 - 3?
120
In base 9, what is 1442 + 4?
1446
In base 5, what is 101 - 10?
41
In base 11, what is -17 + 753?
737
In base 11, what is -4a4 + 3?
-4a1
In base 7, what is -54 - -3?
-51
In base 13, what is 0 + -283?
-283
In base 2, what is 11110111 - -10?
11111001
In base 5, what is 1 + -201?
-200
In base 3, what is 2012 - 21?
1221
In base 16, what is 2 + -7d4?
-7d2
In base 6, what is 0 - -315?
315
In base 11, what is 62 - 0?
62
In base 3, what is 2000 + -22?
1201
In base 13, what is -978 - 0?
-978
In base 13, what is 0 - a2?
-a2
In base 11, what is 96 - 3?
93
In base 8, what is 33 - 1126?
-1073
In base 4, what is 110 - 1022?
-312
In base 5, what is -14 + -4224?
-4243
In base 13, what is -3 - -84a?
847
In base 11, what is -1694 - 4?
-1698
In base 13, what is 10 - -346?
356
In base 8, what is 27163 + -2?
27161
In base 13, what is 1 + -93?
-92
In base 9, what is -748 - -3?
-745
In base 13, what is -234 - 4?
-238
In base 12, what is 4 + -141?
-139
In base 7, what is -4 + 426?
422
In base 16, what is -b9 + -1?
-ba
In base 3, what is -10 - -121?
111
In base 10, what is 0 + 97?
97
In base 13, what is 9a3 - -5?
9a8
In base 16, what is 94e + 8?
956
In base 4, what is 2 - 1330?
-1322
In base 5, what is -3 - -100?
42
In base 10, what is -339 - -1?
-338
In base 3, what is 2022 - -22?
2121
In base 4, what is -22 + 113?
31
In base 16, what is 1c - ba?
-9e
In base 5, what is -1 + -12110?
-12111
In base 12, what is -44 - -a?
-36
In base 11, what is 96 + -8?
89
In base 13, what is 10 - -4c6?
506
In base 16, what is 32 - 1?
31
In base 3, what is 1022 + -10?
1012
In base 10, what is 5 - -1412?
1417
In base 7, what is -4 + 5?
1
In base 6, what is -5 + -423?
-432
In base 3, what is 2001 + 10?
2011
In base 7, what is 31 + -2661?
-2630
In base 11, what is 0 - 11a?
-11a
In base 8, what is 453 + -16?
435
In base 12, what is -441 + 5?
-438
In base 14, what is -2 + 1d5?
1d3
In base 9, what is -1 - 64?
-65
In base 3, what is -2102 + 1?
-2101
In base 15, what is -31e - -17?
-307
In base 2, what is 10000101 - 11?
10000010
In base 13, what is -2 + 353?
351
In base 10, what is 30 - 796?
-766
In base 13, what is 74 - -1?
75
In base 15, what is 77 - 4?
73
In base 6, what is 0 - -301?
301
In base 16, what is 13 - -3f?
52
In base 6, what is 0 - -4125?
4125
In base 14, what is b0 + 7?
b7
In base 11, what is 5 + -68?
-63
In base 16, what is -1648 - -4?
-1644
In base 16, what is -4 + 648?
644
In base 6, what is 4345 - 3?
4342
In base 13, what is 5 + -2bb?
-2b6
In base 8, what is -71 - 6?
-77
In base 6, what is -3 - 2233?
-2240
In base 3, what is 2010010 + -100?
2002210
In base 7, what is -100 - -6?
-61
In base 11, what is a8 - 2?
a6
In base 4, what is 120 + 111?
231
In base 5, what is 4 + 104003?
104012
In base 8, what is 4 + -1612?
-1606
In base 2, what is -10111111011010 + 101?
-10111111010101
In base 9, what is -583 + 1?
-582
In base 16, what is 1e5 - 4?
1e1
In base 14, what is 32 + 8?
3a
In base 8, what is -3024 - 0?
-3024
In base 16, what is -5 + -5a?
-5f
In base 4, what is 2 + -33212?
-33210
In base 11, what is 1 - 60?
-5a
In base 11, what is 3 + -337?
-334
In base 16, what is -2f - -11?
-1e
In base 14, what is bba + -1?
bb9
In base 12, what is -117b + 1?
-117a
In base 2, what is 10101010 + 0?
10101010
In base 16, what is 5 + 7f8?
7fd
In base 14, what is -278 - 6?
-280
In base 10, what is 2 + 32?
34
In base 9, what is 1 + -217?
-216
In base 15, what is -1 + e?
d
In base 11, what is -363 + -4?
-367
In base 4, what is -1033 + -2?
-1101
In base 7, what is 50 - 6?
41
In base 8, what is 1212 + 17?
1231
In base 7, what is -6 - -1131?
1122
I